{"id":73,"date":"2023-07-17T13:06:53","date_gmt":"2023-07-17T11:06:53","guid":{"rendered":"http:\/\/guia-practicum-formacio-professorat.recursos.uoc.edu\/guia-pels-estudiants\/?page_id=73"},"modified":"2023-09-25T16:19:15","modified_gmt":"2023-09-25T14:19:15","slug":"2-2-el-pla-de-treball-de-les-practiques","status":"publish","type":"page","link":"http:\/\/guia-practicum-formacio-professorat.recursos.uoc.edu\/Guia-del-practicum-per-a-estudiants\/2-2-el-pla-de-treball-de-les-practiques\/","title":{"rendered":"2.2. El pla de treball de les pr\u00e0ctiques"},"content":{"rendered":"<p>El pla de treball \u00e9s el document marc que regula l\u2019estada de l\u2019estudiantat al centre i estableix els mecanismes de seguiment de la mentoria. Aquest document ha de plasmar, tamb\u00e9, la distribuci\u00f3 de les 250 hores de perman\u00e8ncia de l\u2019estudiantat al centre al llarg de les tres fases del Pr\u00e0cticum (observaci\u00f3, intervenci\u00f3 acompanyada i intervenci\u00f3 aut\u00f2noma). Aquestes hores no es poden compactar i s\u2019han de distribuir al llarg de tot el curs acad\u00e8mic (de novembre a abril).<\/p>\n<p>El pla de treball s\u2019ha de consensuar i definir amb la mentoria del centre, i s\u2019ha de lliurar al professorat del Pr\u00e0cticum de la Universitat al llarg de les primeres setmanes de pr\u00e0ctiques. Les dates espec\u00edfiques del lliurament del pla de treball s\u2019estableixen al cronograma de l\u2019aula virtual al comen\u00e7ament de cada curs acad\u00e8mic. Aix\u00ed mateix, \u00e9s el professorat del Pr\u00e0cticum de la Universitat la persona responsable d\u2019informar l\u2019estudiantat i la mentoria del centre d\u2019aquestes dates, i tamb\u00e9 de facilitar el model o la plantilla del pla de treball que calgui emplenar.<\/p>\n<p>\u00c9s molt important que l\u2019estudiantat tingui en compte que la mentoria del centre l\u2019acompanyar\u00e0 en el seu proc\u00e9s d\u2019aprenentatge; per tant, ha de mostrar una actitud proactiva i de col\u00b7laboraci\u00f3 davant de les propostes que se li formulin, sempre que siguin coherents amb el per\u00edode d\u2019aprenentatge que suposen les pr\u00e0ctiques. Durant l\u2019estada al centre, l\u2019estudiantat tamb\u00e9 ha de ser cur\u00f3s amb les relacions que estableix amb totes les persones que hi treballen i ha de mostrar en tot moment respecte vers la comunitat educativa. Tamb\u00e9 cal que l\u2019estudiantant sigui molt cur\u00f3s amb la gesti\u00f3 de la informaci\u00f3 a la qual tingui acc\u00e9s, i que mantingui sempre una actitud \u00e8tica i professional.<\/p>\n","protected":false},"excerpt":{"rendered":"<p>El pla de treball \u00e9s el document marc que regula l\u2019estada de l\u2019estudiantat al centre i estableix els mecanismes de seguiment de la mentoria. Aquest document ha de plasmar, tamb\u00e9, la distribuci\u00f3 de les 250 hores de perman\u00e8ncia de l\u2019estudiantat al centre al llarg de les tres fases del Pr\u00e0cticum (observaci\u00f3, intervenci\u00f3 acompanyada i intervenci\u00f3 [&hellip;]<\/p>\n","protected":false},"author":1,"featured_media":0,"parent":0,"menu_order":0,"comment_status":"closed","ping_status":"closed","template":"","meta":[],"acf":[],"_links":{"self":[{"href":"http:\/\/guia-practicum-formacio-professorat.recursos.uoc.edu\/Guia-del-practicum-per-a-estudiants\/wp-json\/wp\/v2\/pages\/73"}],"collection":[{"href":"http:\/\/guia-practicum-formacio-professorat.recursos.uoc.edu\/Guia-del-practicum-per-a-estudiants\/wp-json\/wp\/v2\/pages"}],"about":[{"href":"http:\/\/guia-practicum-formacio-professorat.recursos.uoc.edu\/Guia-del-practicum-per-a-estudiants\/wp-json\/wp\/v2\/types\/page"}],"author":[{"embeddable":true,"href":"http:\/\/guia-practicum-formacio-professorat.recursos.uoc.edu\/Guia-del-practicum-per-a-estudiants\/wp-json\/wp\/v2\/users\/1"}],"replies":[{"embeddable":true,"href":"http:\/\/guia-practicum-formacio-professorat.recursos.uoc.edu\/Guia-del-practicum-per-a-estudiants\/wp-json\/wp\/v2\/comments?post=73"}],"version-history":[{"count":2,"href":"http:\/\/guia-practicum-formacio-professorat.recursos.uoc.edu\/Guia-del-practicum-per-a-estudiants\/wp-json\/wp\/v2\/pages\/73\/revisions"}],"predecessor-version":[{"id":137,"href":"http:\/\/guia-practicum-formacio-professorat.recursos.uoc.edu\/Guia-del-practicum-per-a-estudiants\/wp-json\/wp\/v2\/pages\/73\/revisions\/137"}],"wp:attachment":[{"href":"http:\/\/guia-practicum-formacio-professorat.recursos.uoc.edu\/Guia-del-practicum-per-a-estudiants\/wp-json\/wp\/v2\/media?parent=73"}],"curies":[{"name":"wp","href":"https:\/\/api.w.org\/{rel}","templated":true}]}}