{"id":94,"date":"2023-07-17T13:31:38","date_gmt":"2023-07-17T11:31:38","guid":{"rendered":"http:\/\/guia-practicum-formacio-professorat.recursos.uoc.edu\/guia-pels-estudiants\/?page_id=94"},"modified":"2023-09-25T16:23:26","modified_gmt":"2023-09-25T14:23:26","slug":"4-4-lavaluacio-del-practicum","status":"publish","type":"page","link":"http:\/\/guia-practicum-formacio-professorat.recursos.uoc.edu\/Guia-del-practicum-per-a-estudiants\/4-4-lavaluacio-del-practicum\/","title":{"rendered":"4.4. L\u2019avaluaci\u00f3 del Pr\u00e0cticum"},"content":{"rendered":"<p>En el context del Pr\u00e0cticum, per la singularitat de l\u2019espai de formaci\u00f3 que representa, l\u2019avaluaci\u00f3 cont\u00ednua (AC), que \u00e9s una proposta d\u2019aprenentatge i d\u2019avaluaci\u00f3 formativa i progressiva, adquireix molt de protagonisme. De fet, la qualificaci\u00f3 final de l\u2019assignatura s\u2019obt\u00e9 a partir dels criteris seg\u00fcents:<\/p>\n<ul>\n<li>L\u2019avaluaci\u00f3 que emet el professorat del Pr\u00e0cticum de la Universitat (60 %).<\/li>\n<li>L\u2019avaluaci\u00f3 que fa el mentor o la mentora del centre de pr\u00e0ctiques (40 %).<\/li>\n<\/ul>\n<p>Pel que fa a l\u2019avaluaci\u00f3 del professorat del Pr\u00e0cticum de la Universitat, cal tenir en compte que per superar l\u2019assignatura \u00e9s indispensable lliurar i aprovar les sis PAC que configuren l\u2019avaluaci\u00f3 cont\u00ednua. Una nota suspesa a l\u2019avaluaci\u00f3 cont\u00ednua significa que la qualificaci\u00f3 final queda suspesa, ja que no es preveu que hi hagi cap examen final. Per tant, si l\u2019estudiantat susp\u00e8n l\u2019avaluaci\u00f3 cont\u00ednua, no podr\u00e0 superar l\u2019assignatura.<\/p>\n<p>El mentor o la mentora del centre, avalua l\u2019assoliment de l\u2019estudiant al final de cada fase del Pr\u00e0cticum i emet un informe final amb la qualificaci\u00f3 obtinguda. En aquest sentit, \u00e9s una condici\u00f3 indispensable que l\u2019estudiantat compleixi de manera adequada el pla de treball establert a l\u2019inici de les pr\u00e0ctiques, sota la supervisi\u00f3 de la seva mentoria, i que assisteixi a totes les activitats formatives proposades.<\/p>\n<p>Aix\u00ed doncs, la nota final de l\u2019assignatura t\u00e9 en compte tant la valoraci\u00f3 final emesa per la persona mentora del centre, amb un pes del 40 % de la nota final, com la nota d\u2019avaluaci\u00f3 continuada de l\u2019activitat a l\u2019aula virtual emesa pel professorat de la Universitat, amb un pes del 60 %. <strong>Per superar l\u2019assignatura s\u2019ha d\u2019obtenir, com a m\u00ednim, un cinc en ambdues avaluacions<\/strong>.<\/p>\n<div class=\"featured featured-blue\"><p>Les activitats lliurades han de ser versions originals elaborades per l\u2019estudiantat. La manca d\u2019originalitat de qualsevol activitat suposar\u00e0 obtenir una D com a qualificaci\u00f3 de la PAC i de l\u2019avaluaci\u00f3 cont\u00ednua de l\u2019assignatura, d\u2019acord amb el que estableix l\u2019article 102 de la Normativa acad\u00e8mica de la UOC. Aix\u00ed mateix, aquesta conducta pot constituir una vulneraci\u00f3 de la Normativa de drets i deures de la UOC i, per tant, \u00e9s susceptible de ser objecte d\u2019un procediment disciplinari.<\/p>\n<\/div>\n","protected":false},"excerpt":{"rendered":"<p>En el context del Pr\u00e0cticum, per la singularitat de l\u2019espai de formaci\u00f3 que representa, l\u2019avaluaci\u00f3 cont\u00ednua (AC), que \u00e9s una proposta d\u2019aprenentatge i d\u2019avaluaci\u00f3 formativa i progressiva, adquireix molt de protagonisme. De fet, la qualificaci\u00f3 final de l\u2019assignatura s\u2019obt\u00e9 a partir dels criteris seg\u00fcents: L\u2019avaluaci\u00f3 que emet el professorat del Pr\u00e0cticum de la Universitat (60 [&hellip;]<\/p>\n","protected":false},"author":1,"featured_media":0,"parent":0,"menu_order":0,"comment_status":"closed","ping_status":"closed","template":"","meta":[],"acf":[],"_links":{"self":[{"href":"http:\/\/guia-practicum-formacio-professorat.recursos.uoc.edu\/Guia-del-practicum-per-a-estudiants\/wp-json\/wp\/v2\/pages\/94"}],"collection":[{"href":"http:\/\/guia-practicum-formacio-professorat.recursos.uoc.edu\/Guia-del-practicum-per-a-estudiants\/wp-json\/wp\/v2\/pages"}],"about":[{"href":"http:\/\/guia-practicum-formacio-professorat.recursos.uoc.edu\/Guia-del-practicum-per-a-estudiants\/wp-json\/wp\/v2\/types\/page"}],"author":[{"embeddable":true,"href":"http:\/\/guia-practicum-formacio-professorat.recursos.uoc.edu\/Guia-del-practicum-per-a-estudiants\/wp-json\/wp\/v2\/users\/1"}],"replies":[{"embeddable":true,"href":"http:\/\/guia-practicum-formacio-professorat.recursos.uoc.edu\/Guia-del-practicum-per-a-estudiants\/wp-json\/wp\/v2\/comments?post=94"}],"version-history":[{"count":2,"href":"http:\/\/guia-practicum-formacio-professorat.recursos.uoc.edu\/Guia-del-practicum-per-a-estudiants\/wp-json\/wp\/v2\/pages\/94\/revisions"}],"predecessor-version":[{"id":141,"href":"http:\/\/guia-practicum-formacio-professorat.recursos.uoc.edu\/Guia-del-practicum-per-a-estudiants\/wp-json\/wp\/v2\/pages\/94\/revisions\/141"}],"wp:attachment":[{"href":"http:\/\/guia-practicum-formacio-professorat.recursos.uoc.edu\/Guia-del-practicum-per-a-estudiants\/wp-json\/wp\/v2\/media?parent=94"}],"curies":[{"name":"wp","href":"https:\/\/api.w.org\/{rel}","templated":true}]}}